{"id":68,"date":"2014-09-07T20:42:47","date_gmt":"2014-09-07T19:42:47","guid":{"rendered":"http:\/\/www.haibach-donau.at\/wp-volksschule3\/?page_id=68"},"modified":"2025-04-22T16:17:45","modified_gmt":"2025-04-22T15:17:45","slug":"werkunterricht","status":"publish","type":"page","link":"https:\/\/www.haibach-donau.at\/wp-volksschule3\/?page_id=68","title":{"rendered":"Technik und Design\/Kunst und Gestaltung\/ Galerie"},"content":{"rendered":"<p>\u201eDie Hand ist das Werkzeug aller Dinge.\u201c<br \/>Aristoteles<br \/>Diese Information soll Ihnen zeigen, dass Werken einen wesentlichen Beitrag zur Entwicklung Ihres Kindes leistet und das Erlernen verschiedener Techniken f\u00f6rdert.<\/p>\n<p>Bitte unterst\u00fctzen Sie Ihr Kind in seinen Bem\u00fchungen Werkst\u00fccke selbst herzustellen und sch\u00e4tzen Sie auch den Wert des Entstandenen. Sie werden erleben, welche Freude Ihr Kind am Werken hat. Freude und Erfolgserlebnisse motivieren zu neuen Anstrengungen.<\/p>\n<p>&#8230;einfach zum Nachlesen&#8230;<\/p>\n<p>\u2022 Kinder wollen greifen und begreifen, untersuchen und erfahren \u2013 ganz einfach f\u00fchlen<br \/>\u2022 Die ge\u00fcbte Hand ergreift die Umwelt und gestaltet sie nach den Bed\u00fcrfnissen der Menschen<br \/>\u2022 Werken:<br \/>&#8211; schult die Motorik, besonders die Handgeschicklichkeit<br \/>&#8211; f\u00f6rdert die Individualit\u00e4t der Sch\u00fcler<br \/>&#8211; regt zur aktiven Freizeitgestaltung an<br \/>&#8211; legt Wert auf Sorgfalt, Ausdauer, \u00c4sthetik und tr\u00e4gt so zu einer<br \/>positiven Arbeitshaltung bei<br \/>&#8211; motiviert die Sch\u00fcler zur Selbstst\u00e4ndigkeit<br \/>&#8211; weckt die Kreativit\u00e4t beim Umsetzten eigener Ideen<br \/>&#8211; f\u00f6rdert die Teamf\u00e4higkeit bei der Arbeit in Gruppen.<br \/>\u201eWas du lernen willst zu tun, lernst du, indem du es tust.\u201c<br \/>Aristoteles<\/p>\n<p>(Beitrag unserer Werklehrerin Elfriede Berger)<\/p>\n<p>\u00d6sterliche Arbeiten Grundstufe 2<\/p>\n\n\n<figure class=\"wp-block-image size-large is-resized\"><a href=\"https:\/\/www.haibach-donau.at\/wp-volksschule3\/wp-content\/uploads\/2025\/04\/20250408_121010-rotated.jpg\"><img loading=\"lazy\" decoding=\"async\" width=\"600\" height=\"800\" src=\"https:\/\/www.haibach-donau.at\/wp-volksschule3\/wp-content\/uploads\/2025\/04\/20250408_121010-rotated.jpg\" alt=\"\" class=\"wp-image-20012\" style=\"width:340px;height:auto\" srcset=\"https:\/\/www.haibach-donau.at\/wp-volksschule3\/wp-content\/uploads\/2025\/04\/20250408_121010-rotated.jpg 600w, https:\/\/www.haibach-donau.at\/wp-volksschule3\/wp-content\/uploads\/2025\/04\/20250408_121010-225x300.jpg 225w\" sizes=\"(max-width: 600px) 100vw, 600px\" \/><\/a><\/figure>\n\n\n\n<p><\/p>\n\n\n\n<figure class=\"wp-block-image size-large is-resized\"><a href=\"https:\/\/www.haibach-donau.at\/wp-volksschule3\/wp-content\/uploads\/2025\/04\/20250408_121004-rotated.jpg\"><img loading=\"lazy\" decoding=\"async\" width=\"600\" height=\"800\" src=\"https:\/\/www.haibach-donau.at\/wp-volksschule3\/wp-content\/uploads\/2025\/04\/20250408_121004-rotated.jpg\" alt=\"\" class=\"wp-image-20011\" style=\"width:337px;height:auto\" srcset=\"https:\/\/www.haibach-donau.at\/wp-volksschule3\/wp-content\/uploads\/2025\/04\/20250408_121004-rotated.jpg 600w, https:\/\/www.haibach-donau.at\/wp-volksschule3\/wp-content\/uploads\/2025\/04\/20250408_121004-225x300.jpg 225w\" sizes=\"(max-width: 600px) 100vw, 600px\" \/><\/a><\/figure>\n\n\n\n<p><\/p>\n\n\n\n<figure class=\"wp-block-image size-large is-resized\"><a href=\"https:\/\/www.haibach-donau.at\/wp-volksschule3\/wp-content\/uploads\/2025\/04\/20250408_111510-rotated.jpg\"><img loading=\"lazy\" decoding=\"async\" width=\"600\" height=\"800\" src=\"https:\/\/www.haibach-donau.at\/wp-volksschule3\/wp-content\/uploads\/2025\/04\/20250408_111510-rotated.jpg\" alt=\"\" class=\"wp-image-20009\" style=\"width:338px;height:auto\" srcset=\"https:\/\/www.haibach-donau.at\/wp-volksschule3\/wp-content\/uploads\/2025\/04\/20250408_111510-rotated.jpg 600w, https:\/\/www.haibach-donau.at\/wp-volksschule3\/wp-content\/uploads\/2025\/04\/20250408_111510-225x300.jpg 225w\" sizes=\"(max-width: 600px) 100vw, 600px\" \/><\/a><\/figure>\n\n\n\n<p><\/p>\n\n\n\n<figure class=\"wp-block-image size-large is-resized\"><a href=\"https:\/\/www.haibach-donau.at\/wp-volksschule3\/wp-content\/uploads\/2025\/04\/20250318_091221-rotated.jpg\"><img loading=\"lazy\" decoding=\"async\" width=\"600\" height=\"800\" src=\"https:\/\/www.haibach-donau.at\/wp-volksschule3\/wp-content\/uploads\/2025\/04\/20250318_091221-rotated.jpg\" alt=\"\" class=\"wp-image-20007\" style=\"width:338px;height:auto\" srcset=\"https:\/\/www.haibach-donau.at\/wp-volksschule3\/wp-content\/uploads\/2025\/04\/20250318_091221-rotated.jpg 600w, https:\/\/www.haibach-donau.at\/wp-volksschule3\/wp-content\/uploads\/2025\/04\/20250318_091221-225x300.jpg 225w\" sizes=\"(max-width: 600px) 100vw, 600px\" \/><\/a><\/figure>\n\n\n\n<p><\/p>\n\n\n\n<figure class=\"wp-block-image size-large is-resized\"><a href=\"https:\/\/www.haibach-donau.at\/wp-volksschule3\/wp-content\/uploads\/2025\/04\/20250318_091229-rotated.jpg\"><img loading=\"lazy\" decoding=\"async\" width=\"800\" height=\"600\" src=\"https:\/\/www.haibach-donau.at\/wp-volksschule3\/wp-content\/uploads\/2025\/04\/20250318_091229-rotated.jpg\" alt=\"\" class=\"wp-image-20008\" style=\"width:343px;height:auto\" srcset=\"https:\/\/www.haibach-donau.at\/wp-volksschule3\/wp-content\/uploads\/2025\/04\/20250318_091229-rotated.jpg 800w, https:\/\/www.haibach-donau.at\/wp-volksschule3\/wp-content\/uploads\/2025\/04\/20250318_091229-300x225.jpg 300w, https:\/\/www.haibach-donau.at\/wp-volksschule3\/wp-content\/uploads\/2025\/04\/20250318_091229-768x576.jpg 768w\" sizes=\"(max-width: 800px) 100vw, 800px\" \/><\/a><\/figure>\n\n\n\n<p>Adventbastelarbeiten<\/p>\n\n\n\n<figure class=\"wp-block-image size-large is-resized\"><a href=\"https:\/\/www.haibach-donau.at\/wp-volksschule3\/wp-content\/uploads\/2025\/04\/IMG_20241127_141227.jpg\"><img loading=\"lazy\" decoding=\"async\" width=\"800\" height=\"600\" src=\"https:\/\/www.haibach-donau.at\/wp-volksschule3\/wp-content\/uploads\/2025\/04\/IMG_20241127_141227.jpg\" alt=\"\" class=\"wp-image-20005\" style=\"width:344px;height:auto\" srcset=\"https:\/\/www.haibach-donau.at\/wp-volksschule3\/wp-content\/uploads\/2025\/04\/IMG_20241127_141227.jpg 800w, https:\/\/www.haibach-donau.at\/wp-volksschule3\/wp-content\/uploads\/2025\/04\/IMG_20241127_141227-300x225.jpg 300w, https:\/\/www.haibach-donau.at\/wp-volksschule3\/wp-content\/uploads\/2025\/04\/IMG_20241127_141227-768x576.jpg 768w\" sizes=\"(max-width: 800px) 100vw, 800px\" \/><\/a><\/figure>\n\n\n\n<p><\/p>\n\n\n\n<figure class=\"wp-block-image size-large is-resized\"><a href=\"https:\/\/www.haibach-donau.at\/wp-volksschule3\/wp-content\/uploads\/2025\/04\/IMG_20241128_094336.jpg\"><img loading=\"lazy\" decoding=\"async\" width=\"800\" height=\"600\" src=\"https:\/\/www.haibach-donau.at\/wp-volksschule3\/wp-content\/uploads\/2025\/04\/IMG_20241128_094336.jpg\" alt=\"\" class=\"wp-image-20006\" style=\"width:340px;height:auto\" srcset=\"https:\/\/www.haibach-donau.at\/wp-volksschule3\/wp-content\/uploads\/2025\/04\/IMG_20241128_094336.jpg 800w, https:\/\/www.haibach-donau.at\/wp-volksschule3\/wp-content\/uploads\/2025\/04\/IMG_20241128_094336-300x225.jpg 300w, https:\/\/www.haibach-donau.at\/wp-volksschule3\/wp-content\/uploads\/2025\/04\/IMG_20241128_094336-768x576.jpg 768w\" sizes=\"(max-width: 800px) 100vw, 800px\" \/><\/a><\/figure>\n","protected":false},"excerpt":{"rendered":"<p>\u201eDie Hand ist das Werkzeug aller Dinge.\u201cAristotelesDiese Information soll Ihnen zeigen, dass Werken einen wesentlichen Beitrag zur Entwicklung Ihres Kindes leistet und das Erlernen verschiedener Techniken f\u00f6rdert. Bitte unterst\u00fctzen Sie Ihr Kind in seinen Bem\u00fchungen Werkst\u00fccke selbst herzustellen und sch\u00e4tzen Sie auch den Wert des Entstandenen. Sie werden erleben, welche Freude Ihr Kind am Werken [&hellip;]<\/p>\n","protected":false},"author":1,"featured_media":0,"parent":0,"menu_order":900,"comment_status":"closed","ping_status":"closed","template":"","meta":{"footnotes":""},"_links":{"self":[{"href":"https:\/\/www.haibach-donau.at\/wp-volksschule3\/index.php?rest_route=\/wp\/v2\/pages\/68"}],"collection":[{"href":"https:\/\/www.haibach-donau.at\/wp-volksschule3\/index.php?rest_route=\/wp\/v2\/pages"}],"about":[{"href":"https:\/\/www.haibach-donau.at\/wp-volksschule3\/index.php?rest_route=\/wp\/v2\/types\/page"}],"author":[{"embeddable":true,"href":"https:\/\/www.haibach-donau.at\/wp-volksschule3\/index.php?rest_route=\/wp\/v2\/users\/1"}],"replies":[{"embeddable":true,"href":"https:\/\/www.haibach-donau.at\/wp-volksschule3\/index.php?rest_route=%2Fwp%2Fv2%2Fcomments&post=68"}],"version-history":[{"count":5,"href":"https:\/\/www.haibach-donau.at\/wp-volksschule3\/index.php?rest_route=\/wp\/v2\/pages\/68\/revisions"}],"predecessor-version":[{"id":20014,"href":"https:\/\/www.haibach-donau.at\/wp-volksschule3\/index.php?rest_route=\/wp\/v2\/pages\/68\/revisions\/20014"}],"wp:attachment":[{"href":"https:\/\/www.haibach-donau.at\/wp-volksschule3\/index.php?rest_route=%2Fwp%2Fv2%2Fmedia&parent=68"}],"curies":[{"name":"wp","href":"https:\/\/api.w.org\/{rel}","templated":true}]}}