{"id":42,"date":"2014-07-13T15:36:19","date_gmt":"2014-07-13T14:36:19","guid":{"rendered":"http:\/\/www.haibach-donau.at\/wp-volksschule3\/?page_id=42"},"modified":"2014-07-13T15:36:19","modified_gmt":"2014-07-13T14:36:19","slug":"haus-und-schulordnung","status":"publish","type":"page","link":"https:\/\/www.haibach-donau.at\/wp-volksschule3\/?page_id=42","title":{"rendered":"Haus- und Schulordnung"},"content":{"rendered":"<p>An unserer Schule pflegen wir einen <strong><em>h\u00f6flichen Umgangston und respektvolles Verhalten gegen\u00fcber allen in der Schule anwesenden Personen.<\/em><\/strong><\/p>\n<p>Wir  beginnen den Schultag durch <strong><em>freundliches Gr\u00fc\u00dfen aller Personen<\/em><\/strong>, die uns begegnen!<\/p>\n<p><strong><em>Wir Lehrerinnen &#8230;<\/em><\/strong><\/p>\n<p>&#8211; bem\u00fchen uns um ein gutes Unterrichtsklima und ein positives Verh\u00e4ltnis zwischen Eltern, Lehrern und Sch\u00fclern.<br \/>\n&#8211; beaufsichtigen die Sch\u00fcler 15 min vor Unterrichtsbeginn, w\u00e4hrend des Unterrichtes und in den Pausen.<br \/>\n&#8211; verst\u00e4ndigen Sie bei Unf\u00e4llen, Unterrichts\u00e4nderungen, \u00fcber Schulveranstaltungen (Zeit, Ort, Treffpunkt und Zeitpunkt  der Entlassung),<br \/>\n&#8211; informieren Sie bei auftretenden Erziehungsschwierigkeiten, \u00fcber den Lernerfolg, bei Gef\u00e4hrdung des positiven Schulabschlusses Ihres Kindes und bieten vorbeugend F\u00f6rderunterricht an.<br \/>\n&#8211; sind an den Elternsprechtagen, nach Terminvereinbarungen und tgl.von 7.15 Uhr bis 7.30 Uhr, bzw. zwischen 9.10 Uhr bis 9.30 Uhr f\u00fcr Sie erreichbar.<\/p>\n<p><strong><em>Wir Eltern &#8230;<\/em><\/strong><\/p>\n<p>&#8211; schicken unsere Kinder rechtzeitig, regelm\u00e4\u00dfig und gem\u00e4\u00df dem Stundenplan zur Schule. Buskinder, die vor 7.15 Uhr in der Schule sind, werden in der Halle beaufsichtigt.<\/p>\n<p>&#8211; Kinder, die zu Fu\u00df in die Schule kommen, bzw. mit dem Auto in die Schule gebracht werden, sollen nicht vor 7.10 Uhr in   der Schule sein !<br \/>\n&#8211; entschuldigen das Fehlen unseres Kindes  gleich am 1. Tag m\u00fcndlich (Tel. 8215\/11) und benachrichtigen die Schule \u00fcber den Grund des Fernbleibens.<br \/>\n&#8211; geben eine Turnbefreiung schriftlich bekannt.<br \/>\n&#8211; sehen das Elternheft als wichtiges Kommunikationsmittel, ben\u00fctzen und unterschreiben es.<br \/>\n&#8211; bezahlen Geldbetr\u00e4ge rechtzeitig.<br \/>\n&#8211; beschaffen rechtzeitig die notwendigen Schulsachen und \u00fcberpr\u00fcfen sie in Abst\u00e4nden auf ihre Vollst\u00e4ndigkeit.<br \/>\n&#8211; \u00fcbernehmen die Haftung sowohl f\u00fcr Wertgegenst\u00e4nde als auch f\u00fcr besch\u00e4digtes Schuleigentum.<br \/>\n&#8211; sorgen daf\u00fcr, dass keine gef\u00e4hrlichen Gegenst\u00e4nde (Taschenmesser, Feuerzeuge\u2026) in die Schule mitgebracht werden.<\/p>\n<p><strong><em>Wir Sch\u00fcler\/Innen &#8230;<\/em><\/strong><\/p>\n<p>&#8211; kommen p\u00fcnktlich in die Schule und geben bei Versp\u00e4tungen den Grund an. Ab 7. 15 Uhr d\u00fcrfen wir die Klasse betreten. Ab 7.25 Uhr bleiben wir in der Klasse und sitzen bei Unterrichtsbeginn am Platz.<br \/>\n&#8211; tragen im Schulgeb\u00e4ude Hausschuhe und halten Ordnung in den Garderoben.<br \/>\n&#8211; begr\u00fc\u00dfen die Lehrerinnen und erwachsene G\u00e4ste, indem wir aufstehen.<br \/>\n&#8211; tragen keine Kopfbedeckungen au\u00dfer aus religi\u00f6sen oder gesundheitlichen Gr\u00fcnden.<br \/>\n&#8211; beteiligen uns aktiv am Unterricht und st\u00f6ren weder Lehrerinnen noch Mitsch\u00fclerInnen.<br \/>\n&#8211; verhalten uns r\u00fccksichtsvoll und unterlassen Laufen, Raufen, L\u00e4rmen und Schreien.<br \/>\n&#8211; nehmen beim L\u00e4uten unsere Pl\u00e4tze ein<br \/>\n&#8211; halten uns in den Pausen an die Pausenregeln.<br \/>\n&#8211; hinterlassen das Klassenzimmer in ordentlichem Zustand.<br \/>\n&#8211; behandeln s\u00e4mtliche Anlagen und Einrichtungen der Schule schonend und halten sie rein (WC !)<br \/>\n&#8211; trennen den M\u00fcll sorgf\u00e4ltig.<br \/>\n&#8211; verlassen das Schulhaus nur mit Erlaubnis.<br \/>\n&#8211; f\u00fcllen bei Nichteinhalten der Schulordnung mit den Eltern ein Verhaltensvereinbarungsformular aus, das von mir und meinen Eltern unterschrieben wird.<br \/>\n-achten auch Mitsch\u00fcler, die anders sind &#8211; denn wir wissen: Jeder Mensch verdient einen w\u00fcrdevollen Umgang !<\/p>\n<p>(Schulforumsbeschluss am 15.10.2009 !)<\/p>\n","protected":false},"excerpt":{"rendered":"<p>An unserer Schule pflegen wir einen h\u00f6flichen Umgangston und respektvolles Verhalten gegen\u00fcber allen in der Schule anwesenden Personen. Wir beginnen den Schultag durch freundliches Gr\u00fc\u00dfen aller Personen, die uns begegnen! Wir Lehrerinnen &#8230; &#8211; bem\u00fchen uns um ein gutes Unterrichtsklima und ein positives Verh\u00e4ltnis zwischen Eltern, Lehrern und Sch\u00fclern. &#8211; beaufsichtigen die Sch\u00fcler 15 min [&hellip;]<\/p>\n","protected":false},"author":1,"featured_media":0,"parent":0,"menu_order":150,"comment_status":"open","ping_status":"open","template":"","meta":{"footnotes":""},"_links":{"self":[{"href":"https:\/\/www.haibach-donau.at\/wp-volksschule3\/index.php?rest_route=\/wp\/v2\/pages\/42"}],"collection":[{"href":"https:\/\/www.haibach-donau.at\/wp-volksschule3\/index.php?rest_route=\/wp\/v2\/pages"}],"about":[{"href":"https:\/\/www.haibach-donau.at\/wp-volksschule3\/index.php?rest_route=\/wp\/v2\/types\/page"}],"author":[{"embeddable":true,"href":"https:\/\/www.haibach-donau.at\/wp-volksschule3\/index.php?rest_route=\/wp\/v2\/users\/1"}],"replies":[{"embeddable":true,"href":"https:\/\/www.haibach-donau.at\/wp-volksschule3\/index.php?rest_route=%2Fwp%2Fv2%2Fcomments&post=42"}],"version-history":[{"count":2,"href":"https:\/\/www.haibach-donau.at\/wp-volksschule3\/index.php?rest_route=\/wp\/v2\/pages\/42\/revisions"}],"predecessor-version":[{"id":20001,"href":"https:\/\/www.haibach-donau.at\/wp-volksschule3\/index.php?rest_route=\/wp\/v2\/pages\/42\/revisions\/20001"}],"wp:attachment":[{"href":"https:\/\/www.haibach-donau.at\/wp-volksschule3\/index.php?rest_route=%2Fwp%2Fv2%2Fmedia&parent=42"}],"curies":[{"name":"wp","href":"https:\/\/api.w.org\/{rel}","templated":true}]}}