{"id":40,"date":"2014-07-13T15:35:54","date_gmt":"2014-07-13T14:35:54","guid":{"rendered":"http:\/\/www.haibach-donau.at\/wp-volksschule3\/?page_id=40"},"modified":"2025-09-24T12:13:01","modified_gmt":"2025-09-24T11:13:01","slug":"gute-geister","status":"publish","type":"page","link":"https:\/\/www.haibach-donau.at\/wp-volksschule3\/?page_id=40","title":{"rendered":"&#8222;Gute Geister&#8220;"},"content":{"rendered":"\n<figure class=\"wp-block-image size-full is-resized\"><a href=\"http:\/\/www.haibach-donau.at\/wp-volksschule3\/wp-content\/uploads\/2024\/10\/Martin-1.jpg\"><img loading=\"lazy\" decoding=\"async\" width=\"600\" height=\"800\" src=\"http:\/\/www.haibach-donau.at\/wp-volksschule3\/wp-content\/uploads\/2024\/10\/Martin-1.jpg\" alt=\"\" class=\"wp-image-19708\" style=\"width:250px;height:auto\" srcset=\"https:\/\/www.haibach-donau.at\/wp-volksschule3\/wp-content\/uploads\/2024\/10\/Martin-1.jpg 600w, https:\/\/www.haibach-donau.at\/wp-volksschule3\/wp-content\/uploads\/2024\/10\/Martin-1-225x300.jpg 225w\" sizes=\"(max-width: 600px) 100vw, 600px\" \/><\/a><figcaption class=\"wp-element-caption\">Unser Schulwart ist Herr Martin Pointner. <\/figcaption><\/figure>\n\n\n\n<figure class=\"wp-block-image size-large is-resized\"><img loading=\"lazy\" decoding=\"async\" width=\"515\" height=\"768\" src=\"http:\/\/www.haibach-donau.at\/wp-volksschule3\/wp-content\/uploads\/2020\/11\/PK01B005.jpg\" alt=\"\" class=\"wp-image-14192\" style=\"width:250px;height:373px\" srcset=\"https:\/\/www.haibach-donau.at\/wp-volksschule3\/wp-content\/uploads\/2020\/11\/PK01B005.jpg 515w, https:\/\/www.haibach-donau.at\/wp-volksschule3\/wp-content\/uploads\/2020\/11\/PK01B005-201x300.jpg 201w\" sizes=\"(max-width: 515px) 100vw, 515px\" \/><figcaption class=\"wp-element-caption\">Tatkr\u00e4ftig wird er unterst\u00fctzt von Frau Nicole Stra\u00dfl.<\/figcaption><\/figure>\n\n\n\n<p><\/p>\n","protected":false},"excerpt":{"rendered":"","protected":false},"author":1,"featured_media":0,"parent":0,"menu_order":140,"comment_status":"open","ping_status":"open","template":"","meta":{"footnotes":""},"_links":{"self":[{"href":"https:\/\/www.haibach-donau.at\/wp-volksschule3\/index.php?rest_route=\/wp\/v2\/pages\/40"}],"collection":[{"href":"https:\/\/www.haibach-donau.at\/wp-volksschule3\/index.php?rest_route=\/wp\/v2\/pages"}],"about":[{"href":"https:\/\/www.haibach-donau.at\/wp-volksschule3\/index.php?rest_route=\/wp\/v2\/types\/page"}],"author":[{"embeddable":true,"href":"https:\/\/www.haibach-donau.at\/wp-volksschule3\/index.php?rest_route=\/wp\/v2\/users\/1"}],"replies":[{"embeddable":true,"href":"https:\/\/www.haibach-donau.at\/wp-volksschule3\/index.php?rest_route=%2Fwp%2Fv2%2Fcomments&post=40"}],"version-history":[{"count":12,"href":"https:\/\/www.haibach-donau.at\/wp-volksschule3\/index.php?rest_route=\/wp\/v2\/pages\/40\/revisions"}],"predecessor-version":[{"id":20208,"href":"https:\/\/www.haibach-donau.at\/wp-volksschule3\/index.php?rest_route=\/wp\/v2\/pages\/40\/revisions\/20208"}],"wp:attachment":[{"href":"https:\/\/www.haibach-donau.at\/wp-volksschule3\/index.php?rest_route=%2Fwp%2Fv2%2Fmedia&parent=40"}],"curies":[{"name":"wp","href":"https:\/\/api.w.org\/{rel}","templated":true}]}}